{"id":2,"date":"2023-08-23T18:50:39","date_gmt":"2023-08-23T16:50:39","guid":{"rendered":"https:\/\/ciclocae.iessapereaude.com\/?page_id=2"},"modified":"2025-03-02T22:47:45","modified_gmt":"2025-03-02T21:47:45","slug":"programa","status":"publish","type":"page","link":"https:\/\/ciclocae.iessapereaude.com\/?page_id=2","title":{"rendered":"Programa\/Normativa"},"content":{"rendered":"\t\t<div data-elementor-type=\"wp-page\" data-elementor-id=\"2\" class=\"elementor elementor-2\">\n\t\t\t\t\t\t\t\t\t<section class=\"elementor-section elementor-top-section elementor-element elementor-element-e64955a elementor-section-boxed elementor-section-height-default elementor-section-height-default\" data-id=\"e64955a\" data-element_type=\"section\">\n\t\t\t\t\t\t<div class=\"elementor-container elementor-column-gap-default\">\n\t\t\t\t\t<div class=\"elementor-column elementor-col-100 elementor-top-column elementor-element elementor-element-e2ae2fd\" data-id=\"e2ae2fd\" data-element_type=\"column\">\n\t\t\t<div class=\"elementor-widget-wrap elementor-element-populated\">\n\t\t\t\t\t\t\t\t<div class=\"elementor-element elementor-element-7ef7ec7 elementor-widget elementor-widget-heading\" data-id=\"7ef7ec7\" data-element_type=\"widget\" data-widget_type=\"heading.default\">\n\t\t\t\t<div class=\"elementor-widget-container\">\n\t\t\t<style>\/*! elementor - v3.15.0 - 20-08-2023 *\/\n.elementor-heading-title{padding:0;margin:0;line-height:1}.elementor-widget-heading .elementor-heading-title[class*=elementor-size-]>a{color:inherit;font-size:inherit;line-height:inherit}.elementor-widget-heading .elementor-heading-title.elementor-size-small{font-size:15px}.elementor-widget-heading .elementor-heading-title.elementor-size-medium{font-size:19px}.elementor-widget-heading .elementor-heading-title.elementor-size-large{font-size:29px}.elementor-widget-heading .elementor-heading-title.elementor-size-xl{font-size:39px}.elementor-widget-heading .elementor-heading-title.elementor-size-xxl{font-size:59px}<\/style><h2 class=\"elementor-heading-title elementor-size-default\">Normativa<\/h2>\t\t<\/div>\n\t\t\t\t<\/div>\n\t\t\t\t\t<\/div>\n\t\t<\/div>\n\t\t\t\t\t\t\t<\/div>\n\t\t<\/section>\n\t\t\t\t<section class=\"elementor-section elementor-top-section elementor-element elementor-element-ab13400 elementor-section-boxed elementor-section-height-default elementor-section-height-default\" data-id=\"ab13400\" data-element_type=\"section\">\n\t\t\t\t\t\t<div class=\"elementor-container elementor-column-gap-default\">\n\t\t\t\t\t<div class=\"elementor-column elementor-col-50 elementor-top-column elementor-element elementor-element-08f6c3a\" data-id=\"08f6c3a\" data-element_type=\"column\">\n\t\t\t<div class=\"elementor-widget-wrap elementor-element-populated\">\n\t\t\t\t\t\t\t\t<div class=\"elementor-element elementor-element-6e6bb39 elementor-widget elementor-widget-heading\" data-id=\"6e6bb39\" data-element_type=\"widget\" data-widget_type=\"heading.default\">\n\t\t\t\t<div class=\"elementor-widget-container\">\n\t\t\t<h5 class=\"elementor-heading-title elementor-size-default\">Nueva Ley FP<\/h5>\t\t<\/div>\n\t\t\t\t<\/div>\n\t\t\t\t<div class=\"elementor-element elementor-element-78e7d12 elementor-widget elementor-widget-text-editor\" data-id=\"78e7d12\" data-element_type=\"widget\" data-widget_type=\"text-editor.default\">\n\t\t\t\t<div class=\"elementor-widget-container\">\n\t\t\t<style>\/*! elementor - v3.15.0 - 20-08-2023 *\/\n.elementor-widget-text-editor.elementor-drop-cap-view-stacked .elementor-drop-cap{background-color:#69727d;color:#fff}.elementor-widget-text-editor.elementor-drop-cap-view-framed .elementor-drop-cap{color:#69727d;border:3px solid;background-color:transparent}.elementor-widget-text-editor:not(.elementor-drop-cap-view-default) .elementor-drop-cap{margin-top:8px}.elementor-widget-text-editor:not(.elementor-drop-cap-view-default) .elementor-drop-cap-letter{width:1em;height:1em}.elementor-widget-text-editor .elementor-drop-cap{float:left;text-align:center;line-height:1;font-size:50px}.elementor-widget-text-editor .elementor-drop-cap-letter{display:inline-block}<\/style>\t\t\t\t<p>Presentaci\u00f3n Nueva Ley de Formaci\u00f3n Profesional.<a href=\"https:\/\/drive.google.com\/file\/d\/1X-TWSzhm1R9M0Yf7lCLUg1m9JMvE5WkM\/view?usp=sharing\"> Descargar<\/a><\/p>\t\t\t\t\t\t<\/div>\n\t\t\t\t<\/div>\n\t\t\t\t<div class=\"elementor-element elementor-element-cc1f468 elementor-widget elementor-widget-heading\" data-id=\"cc1f468\" data-element_type=\"widget\" data-widget_type=\"heading.default\">\n\t\t\t\t<div class=\"elementor-widget-container\">\n\t\t\t<h5 class=\"elementor-heading-title elementor-size-default\">Plan de Estudios - Horario<\/h5>\t\t<\/div>\n\t\t\t\t<\/div>\n\t\t\t\t<div class=\"elementor-element elementor-element-bbaffdb elementor-widget elementor-widget-text-editor\" data-id=\"bbaffdb\" data-element_type=\"widget\" data-widget_type=\"text-editor.default\">\n\t\t\t\t<div class=\"elementor-widget-container\">\n\t\t\t\t\t\t\t<p><strong>Horario:\u00a0<\/strong>8:25-14:15<\/p>\t\t\t\t\t\t<\/div>\n\t\t\t\t<\/div>\n\t\t\t\t<div class=\"elementor-element elementor-element-44db924 elementor-widget elementor-widget-image\" data-id=\"44db924\" data-element_type=\"widget\" data-widget_type=\"image.default\">\n\t\t\t\t<div class=\"elementor-widget-container\">\n\t\t\t<style>\/*! elementor - v3.15.0 - 20-08-2023 *\/\n.elementor-widget-image{text-align:center}.elementor-widget-image a{display:inline-block}.elementor-widget-image a img[src$=\".svg\"]{width:48px}.elementor-widget-image img{vertical-align:middle;display:inline-block}<\/style>\t\t\t\t\t\t\t\t\t\t\t\t<img loading=\"lazy\" decoding=\"async\" width=\"1024\" height=\"595\" src=\"https:\/\/ciclocae.iessapereaude.com\/wp-content\/uploads\/2024\/12\/CAE-horas_sem-y-horas_ciclo-de-cada-modulo-1024x595.png\" class=\"attachment-large size-large wp-image-676\" alt=\"\" srcset=\"https:\/\/ciclocae.iessapereaude.com\/wp-content\/uploads\/2024\/12\/CAE-horas_sem-y-horas_ciclo-de-cada-modulo-1024x595.png 1024w, https:\/\/ciclocae.iessapereaude.com\/wp-content\/uploads\/2024\/12\/CAE-horas_sem-y-horas_ciclo-de-cada-modulo-300x174.png 300w, https:\/\/ciclocae.iessapereaude.com\/wp-content\/uploads\/2024\/12\/CAE-horas_sem-y-horas_ciclo-de-cada-modulo-768x446.png 768w, https:\/\/ciclocae.iessapereaude.com\/wp-content\/uploads\/2024\/12\/CAE-horas_sem-y-horas_ciclo-de-cada-modulo.png 1480w\" sizes=\"auto, (max-width: 1024px) 100vw, 1024px\" \/>\t\t\t\t\t\t\t\t\t\t\t\t\t\t\t<\/div>\n\t\t\t\t<\/div>\n\t\t\t\t<div class=\"elementor-element elementor-element-e232cd0 elementor-widget elementor-widget-text-editor\" data-id=\"e232cd0\" data-element_type=\"widget\" data-widget_type=\"text-editor.default\">\n\t\t\t\t<div class=\"elementor-widget-container\">\n\t\t\t\t\t\t\t<p>Orden 893\/2022, remite a la Orden 2694\/2009.<\/p>\t\t\t\t\t\t<\/div>\n\t\t\t\t<\/div>\n\t\t\t\t<div class=\"elementor-element elementor-element-82656f4 elementor-widget elementor-widget-heading\" data-id=\"82656f4\" data-element_type=\"widget\" data-widget_type=\"heading.default\">\n\t\t\t\t<div class=\"elementor-widget-container\">\n\t\t\t<h5 class=\"elementor-heading-title elementor-size-default\">Pr\u00e1cticum<\/h5>\t\t<\/div>\n\t\t\t\t<\/div>\n\t\t\t\t<div class=\"elementor-element elementor-element-b8e446e elementor-widget elementor-widget-text-editor\" data-id=\"b8e446e\" data-element_type=\"widget\" data-widget_type=\"text-editor.default\">\n\t\t\t\t<div class=\"elementor-widget-container\">\n\t\t\t\t\t\t\t<p><span class=\"b8 font150\">Practicum<span class=\"rojoinstitucional\">XXI<\/span><\/span>\u00a0es la aplicaci\u00f3n web dise\u00f1ada para la gesti\u00f3n de las plazas de pr\u00e1cticas para el pr\u00e1cticum del\u00a0<b>M\u00e1ster Universitario en Profesorado de Educaci\u00f3n Secundaria Obligatoria y Bachillerato, Formaci\u00f3n Profesional y Ense\u00f1anza de Idiomas<\/b>; y para el pr\u00e1cticum de los\u00a0<b>Grados de Magisterio, Pedagog\u00eda y Psicolog\u00eda<\/b>, matriculados en\u00a0<b>Facultades y Escuelas Universitarias de Formaci\u00f3n del Profesorado<\/b>\u00a0en centros de la\u00a0<strong>Comunidad de Madrid<\/strong>.<\/p><p><a href=\"https:\/\/dgbilinguismoycalidad.educa.madrid.org\/practicum\/\">Acceder<\/a><\/p>\t\t\t\t\t\t<\/div>\n\t\t\t\t<\/div>\n\t\t\t\t\t<\/div>\n\t\t<\/div>\n\t\t\t\t<div class=\"elementor-column elementor-col-50 elementor-top-column elementor-element elementor-element-1e16b7f\" data-id=\"1e16b7f\" data-element_type=\"column\">\n\t\t\t<div class=\"elementor-widget-wrap elementor-element-populated\">\n\t\t\t\t\t\t\t\t<div class=\"elementor-element elementor-element-eeb7a66 elementor-widget elementor-widget-heading\" data-id=\"eeb7a66\" data-element_type=\"widget\" data-widget_type=\"heading.default\">\n\t\t\t\t<div class=\"elementor-widget-container\">\n\t\t\t<h5 class=\"elementor-heading-title elementor-size-default\">Normativa general<\/h5>\t\t<\/div>\n\t\t\t\t<\/div>\n\t\t\t\t<div class=\"elementor-element elementor-element-f97de2b elementor-widget elementor-widget-text-editor\" data-id=\"f97de2b\" data-element_type=\"widget\" data-widget_type=\"text-editor.default\">\n\t\t\t\t<div class=\"elementor-widget-container\">\n\t\t\t\t\t\t\t<ul><li>Decreto 63\/2019, de 16 de julio, del Consejo de Gobierno, por el que se regula la ordenaci\u00f3n y organizaci\u00f3n de la formaci\u00f3n profesional en la Comunidad de Madrid.\u00a0<a href=\"https:\/\/drive.google.com\/file\/d\/1Uc17tMtZQMk6EuuQcDTFPRRPQrPOuC1P\/view?usp=sharing\" target=\"_blank\" rel=\"noopener\">Descargar<\/a><\/li><li>Orden 893\/2022, de 21 de abril, de la Consejer\u00eda de Educaci\u00f3n, Universidades, Ciencia yPortav oc\u00eda, por la que se regulan los procedimientos relacionados con la organizaci\u00f3n, la matr\u00edcula, la evaluaci\u00f3n y acreditaci\u00f3n acad\u00e9mica de las ense\u00f1anzas de formaci\u00f3n profesional del sistema educativo en la Comunidad de Madrid.\u00a0<a href=\"https:\/\/drive.google.com\/file\/d\/1AUGm7U3Wg8-SFpgyhICoITWP39bgzMsx\/view?usp=sharing\" target=\"_blank\" rel=\"noopener\">Descargar<\/a><\/li><li><p><span style=\"font-weight: 400;\">Resoluci\u00f3n de la Direcci\u00f3n General de Educaci\u00f3n Secundaria, formaci\u00f3n Profesional y R\u00e9gimen Especial por la que se dictan instrucciones sobre <\/span><b>la ordenaci\u00f3n y la organizaci\u00f3n de los grados D y E de formaci\u00f3n profesional en el curso 2024-2025. <\/b><a style=\"font-size: 16px; background-color: #ffffff;\" href=\"https:\/\/drive.google.com\/file\/d\/1jBgAzUV_ciyDV8WKMVdukaQIJQj9sJUH\/view?usp=sharing\" target=\"_blank\" rel=\"noopener\">Descargar<\/a><span style=\"font-size: 16px;\">.\u00a0<\/span><\/p><\/li><li><strong>Ley Org\u00e1nica 3\/2022,<\/strong>\u00a0de 31 de marzo, de ordenaci\u00f3n e integraci\u00f3n de la Formaci\u00f3n Profesional.\u00a0<a href=\"https:\/\/www.boe.es\/buscar\/act.php?id=BOE-A-2022-5139\">Acceder<\/a>. Resumen.\u00a0<a href=\"https:\/\/www.fsie.es\/documentos\/ficheros\/Leyes\/Revista_FP_FSIE.pdf\">Acceder<\/a><\/li><li><strong>Real Decreto 659\/2023,<\/strong>\u00a0de 18 de julio, por el que se desarrolla la\u00a0<strong>ordenaci\u00f3n del Sistema de Formaci\u00f3n Profesional<\/strong>.\u00a0<a href=\"https:\/\/www.boe.es\/boe\/dias\/2023\/07\/22\/pdfs\/BOE-A-2023-16889.pdf\">Acceder<\/a><\/li><li>Instrucciones para la aplicaci\u00f3n de determinadas medidas<br \/>destinadas a la\u00a0<strong>conciliaci\u00f3n de la vida familiar y personal de estudiantes con hijos<\/strong>\u00a0hasta los tres a\u00f1os de edad. Resoluci\u00f3n 19\/08\/2022.\u00a0<a href=\"https:\/\/www.comunidad.madrid\/transparencia\/sites\/default\/files\/regulation\/documents\/1-resolucion_dgesfpre-dgecbae_medidas_conciliacion_vida_familiar_y_personal_educacion_no_universitaria.pdf\">Acceder<\/a><\/li><li><b>Real Decreto 558\/1995,\u00a0<\/b>por<br \/>el que se establece el <b>curr\u00edculo<\/b> del ciclo formativo de grado medio correspondiente al titulo de <b>T\u00e9cnico en Cuidados Auxiliares de Enfermer\u00eda.\u00a0<\/b><a href=\"https:\/\/drive.google.com\/file\/d\/1laKNcLvh-TiuqhRr7ql9zsiQ2t0yLNMH\/view?usp=sharing\" target=\"_blank\" rel=\"noopener\">Descargar<\/a><\/li><li><p><strong>Equivalencias de t\u00edtulos.<\/strong>\u00a0Herramientas para encontrar la equivalencia de estudios realizados con anterioridad.\u00a0<a href=\"https:\/\/www.todofp.es\/equivtitulos\/ServletEquivTitulos\">Acceder<\/a><\/p><\/li><li><b>Real Decreto 498\/2024, <\/b>de 21 de mayo, por el que se modifican determinados reales decretos por los que se establecen t\u00edtulos de Formaci\u00f3n Profesional de grado b\u00e1sico y se fijan sus ense\u00f1anzas m\u00ednimas.<\/li><li><b>Real Decreto 499\/2024<\/b>, de 21 de mayo, por el que se modifican determinados reales decretos por los que se establecen t\u00edtulos de Formaci\u00f3n Profesional de grado medio y se fijan sus ense\u00f1anzas m\u00ednimas.<\/li><li><b>Real Decreto 500\/2024<\/b>, de 21 de mayo, por el que se modifican determinados reales decretos por los que se establecen t\u00edtulos de Formaci\u00f3n Profesional de grado superior y se fijan sus ense\u00f1anzas m\u00ednimas.<a href=\"https:\/\/drive.google.com\/file\/d\/1gKuYFwTQs1fAMgg_26OzCIL90TczsBoA\/view?usp=sharing\">\u00a0Acceder<\/a><\/li><li><b>Real Decreto 800\/2022 <\/b>se regula la integraci\u00f3n del profesorado del Cuerpo, a extinguir, de Profesores T\u00e9cnicos de Formaci\u00f3n Profesional en el Cuerpo de Profesores de Ense\u00f1anza Secundaria.\u00a0<a href=\"https:\/\/drive.google.com\/file\/d\/1g7_njf8ky5WdeouYOmhCA-LH0T55c7hL\/view?usp=sharing\">Acceder<\/a><\/li><li>Real Decreto 86\/2025, de 11 de febrero, de evaluaci\u00f3n y acreditaci\u00f3n de las competencias b\u00e1sicas adquiridas por experiencia laboral, por v\u00edas no formales de formaci\u00f3n y aprendizajes informales. <a href=\"https:\/\/drive.google.com\/file\/d\/1F9FE_MgRQx8ynfxxzieMD868DeGdL_Gq\/view?usp=sharing\">Descargar\u00a0<\/a><\/li><\/ul>\t\t\t\t\t\t<\/div>\n\t\t\t\t<\/div>\n\t\t\t\t<div class=\"elementor-element elementor-element-9612f96 elementor-widget elementor-widget-heading\" data-id=\"9612f96\" data-element_type=\"widget\" data-widget_type=\"heading.default\">\n\t\t\t\t<div class=\"elementor-widget-container\">\n\t\t\t<h5 class=\"elementor-heading-title elementor-size-default\">Normativa. Atenci\u00f3n a las diferencias individuales<\/h5>\t\t<\/div>\n\t\t\t\t<\/div>\n\t\t\t\t<div class=\"elementor-element elementor-element-0341f3b elementor-widget elementor-widget-text-editor\" data-id=\"0341f3b\" data-element_type=\"widget\" data-widget_type=\"text-editor.default\">\n\t\t\t\t<div class=\"elementor-widget-container\">\n\t\t\t\t\t\t\t<p>Instrucciones de la Direcci\u00f3n General de Educaci\u00f3n Secundaria, Formaci\u00f3n Profesional y R\u00e9gimen Especial, sobre la aplicaci\u00f3n de medidas para la adaptaci\u00f3n metodol\u00f3gica y del procedimiento de evaluaci\u00f3n de los alumnos con necesidad espec\u00edfica de apopyo educativo en las Ense\u00f1anzas de Formaci\u00f3n Profesional (Incluye el anexo de las medidas). <a href=\"https:\/\/drive.google.com\/file\/d\/1AZq_QXPQ9rgZuvhr3knVVouzumish0gD\/view?usp=sharing\">Descargar<\/a><\/p>\t\t\t\t\t\t<\/div>\n\t\t\t\t<\/div>\n\t\t\t\t<div class=\"elementor-element elementor-element-45339e5 elementor-widget elementor-widget-heading\" data-id=\"45339e5\" data-element_type=\"widget\" data-widget_type=\"heading.default\">\n\t\t\t\t<div class=\"elementor-widget-container\">\n\t\t\t<h5 class=\"elementor-heading-title elementor-size-default\">Normativa. FCT. Formaci\u00f3n en Centros de Trabajo<\/h5>\t\t<\/div>\n\t\t\t\t<\/div>\n\t\t\t\t<div class=\"elementor-element elementor-element-a3ac03e elementor-widget elementor-widget-text-editor\" data-id=\"a3ac03e\" data-element_type=\"widget\" data-widget_type=\"text-editor.default\">\n\t\t\t\t<div class=\"elementor-widget-container\">\n\t\t\t\t\t\t\t<ul style=\"\">\n<li style=\"font-size: 16px; font-style: normal; font-weight: 400; text-align: left;\">Gesti\u00f3n de Formaci\u00f3n en Centros de Trabajo (FCTs). Comunidad de Madrid.&nbsp;<a href=\"https:\/\/www.comunidad.madrid\/gobierno\/espacios-profesionales\/gestion-formacion-centros-trabajo-fcts\">Acceder<\/a><\/li>\n<li style=\"text-align: left;\">Instrucciones 27 de octubre de 2017 por la que se concretar, aspectos relativos al m\u00f3dulo profesional de formaci\u00f3n en centros de trabajo en las ense\u00f1anzas de formaci\u00f3n profesional. Anexos 1-9 (<b>Anexos 5 y 6 de compensaci\u00f3n de gastos<\/b>).&nbsp;<a href=\"https:\/\/drive.google.com\/file\/d\/1XQ-Tl45JQOqA9ujLy5JvnW9RVggo2qtv\/view?usp=sharing\" target=\"_blank\">Descargar&nbsp;<\/a><\/li>\n<li style=\"font-size: 16px; font-style: normal;\"><span style=\"font-weight: 400;\">Instrucciones de 25 de febrero de 2020, por las que se establece el <\/span><b>procedimiento <\/b>para realizar el m\u00f3dulo de formaci\u00f3n en centros de trabajo en la CAM.&nbsp;<a href=\"https:\/\/www.comunidad.madrid\/sites\/default\/files\/doc\/educacion\/fp\/2020-02-25_instrucciones_voe-vpe_fct_centros_docentes_publicos-2019-2020_17926692.pdf\" style=\"font-weight: 400;\">Acceder<\/a><\/li>\n<li style=\"\">\n<li style=\"\">Instrucciones del 25 de enero de 2022 por las que se regula el procedimiento de <b>compensaci\u00f3n de gastos <\/b>de desplazamiento ocasionados por la realizaci\u00f3n del m\u00f3dulo de formaci\u00f3n en centros de trabajo.&nbsp;<a href=\"https:\/\/drive.google.com\/file\/d\/1xeiXqLQu442e05WJrcxzzO_XEeQ5wj_1\/view?usp=sharing\" target=\"_blank\">Descargar<\/a><\/li>\n<\/li>\n<li style=\"font-size: 16px; font-style: normal; font-weight: 400;\">Instrucciones de 16 de enero de 2023 por las que se prorrogan para el&nbsp; curso escolar 2022-2023. Acceder<\/li>\n<li style=\"font-size: 16px; font-style: normal; text-align: left;\"><span style=\"font-weight: 400;\">CIRCULAR, 14 de diciembre de 2023, sobre la gesti\u00f3n de las obligaciones con la <\/span><b>Seguridad Social<\/b> para la realizaci\u00f3n del m\u00f3dulo de FCCT.&nbsp;<a href=\"https:\/\/drive.google.com\/file\/d\/18kf4lmdkEC_Yxw4nLW1WjkwKem8z557y\/view?usp=sharing\" style=\"font-weight: 400;\">Descargar<\/a><\/li>\n<\/ul>\t\t\t\t\t\t<\/div>\n\t\t\t\t<\/div>\n\t\t\t\t<div class=\"elementor-element elementor-element-eba1ac9 elementor-widget elementor-widget-heading\" data-id=\"eba1ac9\" data-element_type=\"widget\" data-widget_type=\"heading.default\">\n\t\t\t\t<div class=\"elementor-widget-container\">\n\t\t\t<h5 class=\"elementor-heading-title elementor-size-default\">Pruebas libres<\/h5>\t\t<\/div>\n\t\t\t\t<\/div>\n\t\t\t\t<div class=\"elementor-element elementor-element-6952b02 elementor-widget elementor-widget-text-editor\" data-id=\"6952b02\" data-element_type=\"widget\" data-widget_type=\"text-editor.default\">\n\t\t\t\t<div class=\"elementor-widget-container\">\n\t\t\t\t\t\t\t<div class=\"field field-name-field-paragraph-title field-type-text field-label-hidden\"><div class=\"field-items\"><div class=\"field-item even\"><span style=\"color: var( --e-global-color-text ); font-family: var( --e-global-typography-text-font-family ), Sans-serif; font-weight: var( --e-global-typography-text-font-weight ); background-color: var(--ast-global-color-5);\">Permiten obtener el t\u00edtulo de T\u00e9cnico\u00a0 de Formaci\u00f3n Profesional. Se convocan anualmente.<\/span><\/div><\/div><\/div><div id=\"column\" class=\"group-paragraph field-group-div\"><div class=\"paragraphs-items paragraphs-items-field-subparagraphs paragraphs-items-field-subparagraphs-full paragraphs-items-full\"><div class=\"field field-name-field-subparagraphs field-type-paragraphs field-label-hidden\"><div class=\"field-items\"><div class=\"field-item even\"><div id=\"paragraph-item-id-96458\" class=\"ds-1col entity entity-paragraphs-item paragraphs-item-image-link-banner view-mode-banner clearfix\"><div id=\"image-link-banner-banner-parrafo\" class=\"group-paragraph field-group-div\"><div class=\"field field-name-field-image field-type-image field-label-hidden\"><div class=\"field-items\"><ul><li><strong>Curso 23-24.<\/strong> RESOLUCI\u00d3N de 29 de diciembre de 2023, de la Direcci\u00f3n General de Educaci\u00f3n Secundaria, Formaci\u00f3n Profesional y R\u00e9gimen Especial, por la que se convocan, en el curso 2023-2024, las pruebas para la obtenci\u00f3n de los t\u00edtulos de T\u00e9cnico y T\u00e9cnico Superior de Formaci\u00f3n Profesional. <a href=\"https:\/\/drive.google.com\/file\/d\/1F2urXP8lrlIPT2m7U-RVt8dk7_N_3hz0\/view?usp=sharing\">Descargar<\/a><\/li><li>El marco regulador de estas pruebas es la <a style=\"font-size: 16px; background-color: #ffffff;\" href=\"http:\/\/www.bocm.es\/boletin\/CM_Orden_BOCM\/2020\/12\/22\/BOCM-20201222-19.PDF\">Orden 3299\/2020, de 15 de diciembre<\/a><span style=\"font-size: 16px;\">.<\/span><\/li><\/ul><\/div><\/div><\/div><\/div><\/div><div class=\"field-item odd\"><div id=\"paragraph-item-id-66691\" class=\"ds-1col entity entity-paragraphs-item paragraphs-item-paragraph-text view-mode-full clearfix\"><div id=\"paragraph-text-parrafo\" class=\"group-paragraph field-group-div\"><div class=\"field field-name-field-description field-type-text-long field-label-hidden\"><div class=\"field-items\"><div class=\"field-item even\"><p><a href=\"https:\/\/www.comunidad.madrid\/servicios\/educacion\/pruebas-obtencion-titulos-tecnico-tecnico-superior-fp\">M\u00e1s informaci\u00f3n<\/a><\/p><\/div><\/div><\/div><\/div><\/div><\/div><\/div><\/div><\/div><\/div>\t\t\t\t\t\t<\/div>\n\t\t\t\t<\/div>\n\t\t\t\t<div class=\"elementor-element elementor-element-cdcea48 elementor-widget elementor-widget-heading\" data-id=\"cdcea48\" data-element_type=\"widget\" data-widget_type=\"heading.default\">\n\t\t\t\t<div class=\"elementor-widget-container\">\n\t\t\t<h5 class=\"elementor-heading-title elementor-size-default\">Normativa. Cotizaci\u00f3n Seguridad Social<\/h5>\t\t<\/div>\n\t\t\t\t<\/div>\n\t\t\t\t<div class=\"elementor-element elementor-element-d781cf3 elementor-widget elementor-widget-text-editor\" data-id=\"d781cf3\" data-element_type=\"widget\" data-widget_type=\"text-editor.default\">\n\t\t\t\t<div class=\"elementor-widget-container\">\n\t\t\t\t\t\t\t<ul><li>Circular sobre la gesti\u00f3n de las obligaciones con la Seguridad Social de los estudiantes matriculados en ense\u00f1anzas de FP en la modalidad general (presencial o distancia), en centros p\u00fablicos de titularidad de la Consejer\u00eda de Educaci\u00f3n, Ciencia y\u00a0Universidades que realicen periodos formativos en empresas a partir del d\u00eda 1 de enero de 2024.\u00a0<a href=\"https:\/\/drive.google.com\/file\/d\/18kf4lmdkEC_Yxw4nLW1WjkwKem8z557y\/view?usp=sharing\">Descargar<\/a><\/li><\/ul>\t\t\t\t\t\t<\/div>\n\t\t\t\t<\/div>\n\t\t\t\t\t<\/div>\n\t\t<\/div>\n\t\t\t\t\t\t\t<\/div>\n\t\t<\/section>\n\t\t\t\t\t\t\t<\/div>\n\t\t","protected":false},"excerpt":{"rendered":"<p>Normativa Nueva Ley FP Presentaci\u00f3n Nueva Ley de Formaci\u00f3n Profesional. Descargar Plan de Estudios &#8211; Horario Horario:\u00a08:25-14:15 Orden 893\/2022, remite a la Orden 2694\/2009. Pr\u00e1cticum PracticumXXI\u00a0es la aplicaci\u00f3n web dise\u00f1ada para la gesti\u00f3n de las plazas de pr\u00e1cticas para el pr\u00e1cticum del\u00a0M\u00e1ster Universitario en Profesorado de Educaci\u00f3n Secundaria Obligatoria y Bachillerato, Formaci\u00f3n Profesional y Ense\u00f1anza &hellip;<\/p>\n<p class=\"read-more\"> <a class=\"\" href=\"https:\/\/ciclocae.iessapereaude.com\/?page_id=2\"> <span class=\"screen-reader-text\">Programa\/Normativa<\/span> Leer m\u00e1s &raquo;<\/a><\/p>\n","protected":false},"author":1,"featured_media":0,"parent":0,"menu_order":0,"comment_status":"closed","ping_status":"closed","template":"","meta":{"site-sidebar-layout":"no-sidebar","site-content-layout":"page-builder","ast-site-content-layout":"","site-content-style":"default","site-sidebar-style":"default","ast-global-header-display":"","ast-banner-title-visibility":"","ast-main-header-display":"","ast-hfb-above-header-display":"","ast-hfb-below-header-display":"","ast-hfb-mobile-header-display":"","site-post-title":"disabled","ast-breadcrumbs-content":"","ast-featured-img":"disabled","footer-sml-layout":"","theme-transparent-header-meta":"","adv-header-id-meta":"","stick-header-meta":"","header-above-stick-meta":"","header-main-stick-meta":"","header-below-stick-meta":"","astra-migrate-meta-layouts":"","footnotes":""},"class_list":["post-2","page","type-page","status-publish","hentry"],"_links":{"self":[{"href":"https:\/\/ciclocae.iessapereaude.com\/index.php?rest_route=\/wp\/v2\/pages\/2","targetHints":{"allow":["GET"]}}],"collection":[{"href":"https:\/\/ciclocae.iessapereaude.com\/index.php?rest_route=\/wp\/v2\/pages"}],"about":[{"href":"https:\/\/ciclocae.iessapereaude.com\/index.php?rest_route=\/wp\/v2\/types\/page"}],"author":[{"embeddable":true,"href":"https:\/\/ciclocae.iessapereaude.com\/index.php?rest_route=\/wp\/v2\/users\/1"}],"replies":[{"embeddable":true,"href":"https:\/\/ciclocae.iessapereaude.com\/index.php?rest_route=%2Fwp%2Fv2%2Fcomments&post=2"}],"version-history":[{"count":148,"href":"https:\/\/ciclocae.iessapereaude.com\/index.php?rest_route=\/wp\/v2\/pages\/2\/revisions"}],"predecessor-version":[{"id":762,"href":"https:\/\/ciclocae.iessapereaude.com\/index.php?rest_route=\/wp\/v2\/pages\/2\/revisions\/762"}],"wp:attachment":[{"href":"https:\/\/ciclocae.iessapereaude.com\/index.php?rest_route=%2Fwp%2Fv2%2Fmedia&parent=2"}],"curies":[{"name":"wp","href":"https:\/\/api.w.org\/{rel}","templated":true}]}}